{"id":455,"date":"2023-10-02T17:34:28","date_gmt":"2023-10-02T15:34:28","guid":{"rendered":"https:\/\/studiobenjaminbousquet.com\/?page_id=455"},"modified":"2025-09-29T15:57:29","modified_gmt":"2025-09-29T13:57:29","slug":"presentation","status":"publish","type":"page","link":"https:\/\/studiobenjaminbousquet.com\/index.php\/presentation\/","title":{"rendered":"Pr\u00e9sentation"},"content":{"rendered":"\n<p class=\"has-text-align-center has-tan-color has-text-color has-larger-font-size\">L&rsquo;ing\u00e9nieur son<\/p>\n\n\n<div class=\"wp-block-image\">\n<figure class=\"aligncenter size-full is-resized\"><a href=\"https:\/\/www.linkedin.com\/in\/benjamin-bousquet-a92331a8\/\"><img loading=\"lazy\" decoding=\"async\" width=\"225\" height=\"225\" src=\"https:\/\/studiobenjaminbousquet.com\/wp-content\/uploads\/2024\/02\/Sans-titre-1.png\" alt=\"\" class=\"wp-image-1152\" style=\"aspect-ratio:1;width:56px;height:auto\" srcset=\"https:\/\/studiobenjaminbousquet.com\/wp-content\/uploads\/2024\/02\/Sans-titre-1.png 225w, https:\/\/studiobenjaminbousquet.com\/wp-content\/uploads\/2024\/02\/Sans-titre-1-150x150.png 150w\" sizes=\"auto, (max-width: 225px) 100vw, 225px\" \/><\/a><\/figure><\/div>\n\n<div class=\"wp-block-image\">\n<figure class=\"aligncenter size-large is-resized\"><img loading=\"lazy\" decoding=\"async\" width=\"1024\" height=\"576\" src=\"https:\/\/studiobenjaminbousquet.com\/wp-content\/uploads\/2023\/10\/NKP0302-Modifier-1024x576.jpg\" alt=\"\" class=\"wp-image-494\" style=\"width:396px;height:223px\" srcset=\"https:\/\/studiobenjaminbousquet.com\/wp-content\/uploads\/2023\/10\/NKP0302-Modifier-1024x576.jpg 1024w, https:\/\/studiobenjaminbousquet.com\/wp-content\/uploads\/2023\/10\/NKP0302-Modifier-300x169.jpg 300w, https:\/\/studiobenjaminbousquet.com\/wp-content\/uploads\/2023\/10\/NKP0302-Modifier-768x432.jpg 768w, https:\/\/studiobenjaminbousquet.com\/wp-content\/uploads\/2023\/10\/NKP0302-Modifier-1536x864.jpg 1536w, https:\/\/studiobenjaminbousquet.com\/wp-content\/uploads\/2023\/10\/NKP0302-Modifier-2048x1152.jpg 2048w\" sizes=\"auto, (max-width: 1024px) 100vw, 1024px\" \/><figcaption class=\"wp-element-caption\">Photo de Nicolas Guerrier<\/figcaption><\/figure><\/div>\n\n\n<p>Je suis ing\u00e9nieur son en studio et technicien son fa\u00e7ade pour les concerts live.<\/p>\n\n\n\n<p>Je me suis form\u00e9 aupr\u00e8s de <a href=\"https:\/\/www.ryanhewitt.com\/\" data-type=\"link\" data-id=\"https:\/\/www.ryanhewitt.com\/\">Ryan Hewitt<\/a>, <a href=\"https:\/\/fr.wikipedia.org\/wiki\/Ken_Scott_(producteur)\">Ken Scott<\/a>, <a href=\"https:\/\/en.wikipedia.org\/wiki\/Michael_Wagener\">Michael Wagener<\/a> et <a href=\"https:\/\/www.discogs.com\/fr\/artist\/284664-Jean-Lamoot\">Jean Lamoot<\/a>.<\/p>\n\n\n\n<p class=\"has-orange-color has-text-color\">J&rsquo;ai travaill\u00e9 en tant qu&rsquo;ing\u00e9nieur son et assistant mixeur pendant 2 ans et demi sous la direction de <a href=\"https:\/\/www.instagram.com\/philippe_uminski\/\">Philippe Uminski<\/a> pour diff\u00e9rents projets tel que:<\/p>\n\n\n\n<ul class=\"wp-block-list\">\n<li>La Fanthologie de <a href=\"https:\/\/www.facebook.com\/PascalObispoOfficiel\/?locale=fr_FR\" data-type=\"link\" data-id=\"https:\/\/www.facebook.com\/PascalObispoOfficiel\/?locale=fr_FR\">Pascal Obispo<\/a> avec les albums de reprise de Telephone, Aznavour, Brel, Gainsbourg, Sardou.<\/li>\n\n\n\n<li>La <a href=\"https:\/\/www.jevaistaimer.com\/\" data-type=\"link\" data-id=\"https:\/\/www.jevaistaimer.com\/\">com\u00e9die musicale \u00ab je vais t\u2019aimer \u00bb<\/a> des chansons de Michel Sardou produite par Robert Ciurleo et Frank Montel et r\u00e9alis\u00e9 par Philippe Uminski et Quentin Bachelet<\/li>\n\n\n\n<li>Prise de son et mixage de l\u2019album <a href=\"https:\/\/www.universalproductionmusic.com\/fr-fr\/discover\/albums\/26527\/60s-sunshine-pop\">Sunshine Pop<\/a> (chanson style 70\u2019s) pour Universal Music<\/li>\n\n\n\n<li>Diff\u00e9rents r\u00e9pertoires musicaux pour France T\u00e9l\u00e9vision tel que des \u00e9missions de fitness, chanson style 90\u2019s, style 60\u2019s compos\u00e9es par <a href=\"https:\/\/www.lexiekendrick.com\/\" data-type=\"link\" data-id=\"https:\/\/www.lexiekendrick.com\/\">Lexie Kendrick<\/a> et Philippe Uminski<\/li>\n<\/ul>\n\n\n\n<p><\/p>\n\n\n\n<p>J&rsquo;ai travaill\u00e9 en tant qu&rsquo;assistant son avec <a href=\"https:\/\/www.instagram.com\/cedricboni\/?hl=fr\">C\u00e9dric Boni<\/a> aux commandes pour les derniers albums de <a href=\"https:\/\/www.patricksebastien.fr\/\">Patrick S\u00e9bastien<\/a> tel que <a href=\"https:\/\/www.patricksebastien.fr\/sebastien-se-lache\/\">\u00ab\u00a0S\u00e9bastien se l\u00e2che\u00a0\u00bb<\/a> et <a href=\"https:\/\/www.patricksebastien.fr\/putain-cest-genial\/\">\u00ab\u00a0Putain c&rsquo;est g\u00e9nial!\u00a0\u00bb<\/a>.<\/p>\n\n\n\n<p>Je me suis occup\u00e9 de la r\u00e9sidence et\/ou r\u00e9alisation des albums d\u2019artistes nationaux et \u00e9trangers : Daniel Guichard, Fred Wesley, Red beans and the pepper sauce, Will Barber, Alfio Origlio, Nicolas Reyes, Xantone Black, Martha High, Billy Ocean, Vinx\u2026<\/p>\n\n\n\n<p class=\"has-orange-color has-text-color\">J&rsquo;ai travaill\u00e9 pour l&rsquo;audiovisuel\/jeux vid\u00e9o tel que:<\/p>\n\n\n\n<ul class=\"wp-block-list\">\n<li>La prise de son et le mixage du g\u00e9n\u00e9rique de <a href=\"https:\/\/www.youtube.com\/watch?v=XTbsXTB7h9U\">\u00ab Cam\u00e9ra Caf\u00e9 20 ans d\u00e9j\u00e0 \u00bb<\/a> pour Calt Production \/ M6 r\u00e9alis\u00e9 par \u00ab Yvan Le Bolloc&rsquo;h et Ma Guitare \u00bb<\/li>\n<\/ul>\n\n\n\n<ul class=\"wp-block-list\">\n<li>Le mixage de certains titres du jeux <a href=\"https:\/\/store.steampowered.com\/app\/1654660\/En_Garde\/?l=french\">\u00ab\u00a0En garde!\u00a0\u00bb<\/a> sous la r\u00e9alisation de <a href=\"https:\/\/fr.linkedin.com\/in\/jean-claude-charlier-6186b21a\">Jean-Claude Charlier<\/a> de l&rsquo;entreprise <a href=\"https:\/\/www.audioworkshop.fr\/fr\/\">Audio Workshop<\/a> sur Montpellier.<\/li>\n\n\n\n<li>Le mixage de certaines publicit\u00e9s tel que <a href=\"https:\/\/www.youtube.com\/watch?v=khcB9CfxCzs\">\u00ab\u00a0Roger Dubuis\u00a0\u00bb<\/a> sous la r\u00e9alisation de Jean-Claude Charlier de l&rsquo;entreprise Audio Workshop sur Montpellier.<\/li>\n<\/ul>\n\n\n\n<p><\/p>\n\n\n\n<p class=\"has-orange-color has-text-color\">J&rsquo;ai particip\u00e9 \u00e0 beaucoup de projets r\u00e9alis\u00e9s au Studio Ma Ferme (S\u00e9rignan) pour des artistes de la r\u00e9gion Occitanie tel que: <\/p>\n\n\n\n<p>Georges Nounou, Barbiches tourneurs, Manolo, Kema Bailardo, Zouikipop, Deleo, Fabulous Sheep, Davis, Pink Town Quartet, Alma nina, Littles Plate, Noy&rsquo;s, La\u00efus, Inti, Nawan, Timal Echo, Ben Fontanet, La Picante, Grand c\u0153ur, La Gata Negra, Les Ziq&rsquo;goto, Muhadib, B\u00e9kar, Mathieu Bor\u00e9, Darvey, So nonely, Berenice Bang Bang, Las Vegas Wedding, Pink, Les G\u00e9meaux, Kinda Horns, Parade, Lao Kouyate, Tom Guibal, Messengers, Swing Ambassador, Duo Mino, Bagus Blues, Pas de L\u00e9zard, Elodie Ly, Vinyl, Nicoxpro, Teji, Les Toons, Kika, Jamazz, Brice blues band, Les Chats d&rsquo;Oc, Mr R, Elyanour, Franck Bocognano, Klervo Ramsa, Duo Non Stop \u2026<\/p>\n\n\n\n<p><\/p>\n\n\n\n<p>\u00ab&nbsp;Etre \u00e0 l\u2019\u00e9coute de l\u2019artiste et lui proposer ce qui convient le mieux \u00e0 son projet.\u00bb<\/p>\n\n\n\n<p class=\"has-text-align-center has-tan-color has-text-color has-larger-font-size\">Les com\u00e9diens<\/p>\n\n\n\n<div class=\"wp-block-columns is-layout-flex wp-container-core-columns-is-layout-1 wp-block-columns-is-layout-flex\">\n<div class=\"wp-block-column is-layout-flow wp-block-column-is-layout-flow\"><div class=\"wp-block-image\">\n<figure class=\"alignleft size-large is-resized\"><a href=\"http:\/\/www.mariontrintignant.com\/\"><img loading=\"lazy\" decoding=\"async\" width=\"1024\" height=\"619\" src=\"https:\/\/studiobenjaminbousquet.com\/wp-content\/uploads\/2024\/02\/c7198f_c4135f9a4bc8444aae2a1f71257aaf45mv2-1024x619.webp\" alt=\"\" class=\"wp-image-1091\" style=\"aspect-ratio:1.654281098546042;width:274px;height:auto\" srcset=\"https:\/\/studiobenjaminbousquet.com\/wp-content\/uploads\/2024\/02\/c7198f_c4135f9a4bc8444aae2a1f71257aaf45mv2-1024x619.webp 1024w, https:\/\/studiobenjaminbousquet.com\/wp-content\/uploads\/2024\/02\/c7198f_c4135f9a4bc8444aae2a1f71257aaf45mv2-300x181.webp 300w, https:\/\/studiobenjaminbousquet.com\/wp-content\/uploads\/2024\/02\/c7198f_c4135f9a4bc8444aae2a1f71257aaf45mv2-768x464.webp 768w, https:\/\/studiobenjaminbousquet.com\/wp-content\/uploads\/2024\/02\/c7198f_c4135f9a4bc8444aae2a1f71257aaf45mv2-1536x928.webp 1536w, https:\/\/studiobenjaminbousquet.com\/wp-content\/uploads\/2024\/02\/c7198f_c4135f9a4bc8444aae2a1f71257aaf45mv2.webp 2048w\" sizes=\"auto, (max-width: 1024px) 100vw, 1024px\" \/><\/a><figcaption class=\"wp-element-caption\">Photo de David Jimenez<\/figcaption><\/figure><\/div><\/div>\n\n\n\n<div class=\"wp-block-column is-layout-flow wp-block-column-is-layout-flow\"><div class=\"wp-block-image\">\n<figure class=\"alignright size-large is-resized\"><a href=\"https:\/\/youtu.be\/Qyehfs6lrhw?si=5B9YgDlSdcKqdMX4\"><img loading=\"lazy\" decoding=\"async\" width=\"848\" height=\"1024\" src=\"http:\/\/studiobenjaminbousquet.com\/wp-content\/uploads\/2024\/02\/julien_masdoua_001-848x1024.jpg\" alt=\"\" class=\"wp-image-1096\" style=\"aspect-ratio:0.828125;width:178px;height:auto\" srcset=\"https:\/\/studiobenjaminbousquet.com\/wp-content\/uploads\/2024\/02\/julien_masdoua_001-848x1024.jpg 848w, https:\/\/studiobenjaminbousquet.com\/wp-content\/uploads\/2024\/02\/julien_masdoua_001-248x300.jpg 248w, https:\/\/studiobenjaminbousquet.com\/wp-content\/uploads\/2024\/02\/julien_masdoua_001-768x928.jpg 768w, https:\/\/studiobenjaminbousquet.com\/wp-content\/uploads\/2024\/02\/julien_masdoua_001-1272x1536.jpg 1272w, https:\/\/studiobenjaminbousquet.com\/wp-content\/uploads\/2024\/02\/julien_masdoua_001.jpg 1447w\" sizes=\"auto, (max-width: 848px) 100vw, 848px\" \/><\/a><figcaption class=\"wp-element-caption\">Photo de David Jimenez<\/figcaption><\/figure><\/div><\/div>\n<\/div>\n\n\n\n<p>Je vous propose l\u2019enregistrement de diverses supports audios tels que vos publicit\u00e9s, annonces, promotions, livres audio&#8230;<\/p>\n\n\n\n<p>De la prise de son au mixage, je vous livre un produit fini pr\u00eat \u00e0 \u00eatre utilis\u00e9.<\/p>\n\n\n\n<p>Les interpr\u00e8tes sont des professionnels du m\u00e9tier&nbsp;:<\/p>\n\n\n\n<p>Vous avez besoin d\u2019une voix f\u00e9minine&nbsp;: je travaille avec la com\u00e9dienne <a href=\"http:\/\/www.mariontrintignant.com\" data-type=\"link\" data-id=\"www.mariontrintignant.com\">Marion Trintignant<\/a> <a href=\"https:\/\/www.linkedin.com\/in\/marion-trintignant-145061212\/\" data-type=\"link\" data-id=\"https:\/\/www.linkedin.com\/in\/marion-trintignant-145061212\/\"><img loading=\"lazy\" decoding=\"async\" width=\"30\" height=\"30\" class=\"wp-image-1150\" style=\"width: 30px;\" src=\"http:\/\/studiobenjaminbousquet.com\/wp-content\/uploads\/2024\/02\/Sans-titre.png\" alt=\"\" srcset=\"https:\/\/studiobenjaminbousquet.com\/wp-content\/uploads\/2024\/02\/Sans-titre.png 225w, https:\/\/studiobenjaminbousquet.com\/wp-content\/uploads\/2024\/02\/Sans-titre-150x150.png 150w\" sizes=\"auto, (max-width: 30px) 100vw, 30px\" \/><\/a><\/p>\n\n\n\n<p>Vous avez besoin d\u2019une voix masculine, je travaille avec le com\u00e9dien <a href=\"https:\/\/youtu.be\/Qyehfs6lrhw?si=5B9YgDlSdcKqdMX4\" data-type=\"link\" data-id=\"https:\/\/youtu.be\/Qyehfs6lrhw?si=5B9YgDlSdcKqdMX4\">Julien Masdoua<\/a>. <a href=\"https:\/\/www.linkedin.com\/in\/julien-masdoua-83150022b\/\" data-type=\"link\" data-id=\"https:\/\/www.linkedin.com\/in\/julien-masdoua-83150022b\/\"><img loading=\"lazy\" decoding=\"async\" width=\"30\" height=\"30\" class=\"wp-image-1152\" style=\"width: 30px;\" src=\"http:\/\/studiobenjaminbousquet.com\/wp-content\/uploads\/2024\/02\/Sans-titre-1.png\" alt=\"\" srcset=\"https:\/\/studiobenjaminbousquet.com\/wp-content\/uploads\/2024\/02\/Sans-titre-1.png 225w, https:\/\/studiobenjaminbousquet.com\/wp-content\/uploads\/2024\/02\/Sans-titre-1-150x150.png 150w\" sizes=\"auto, (max-width: 30px) 100vw, 30px\" \/><\/a><\/p>\n\n\n\n<p>Vous pouvez retrouver leur travail dans divers documentaires (Arte, France TV) ou s\u00e9rie ( Netflix), anim\u00e9 (Okoo), publicit\u00e9 (diffusion net).<\/p>\n\n\n\n<p>Vous pouvez \u00e9couter nos diff\u00e9rents essais <a href=\"https:\/\/studiobenjaminbousquet.com\/index.php\/les-mix-voix-off\/\" data-type=\"link\" data-id=\"https:\/\/studiobenjaminbousquet.com\/index.php\/les-mix-voix-off\/\">ici<\/a>.<\/p>\n\n\n\n<p>Voici une vid\u00e9o r\u00e9alis\u00e9e par l&rsquo;agence de communication <a href=\"https:\/\/vircom.fr\/\" data-type=\"link\" data-id=\"https:\/\/vircom.fr\/\">VIRCOM<\/a> pour les 10 ans du th\u00e9\u00e2tre des franciscains avec les voix de Julien Masdoua et Marion Trintignant enregistr\u00e9es au studio:<\/p>\n\n\n\n<figure class=\"wp-block-embed is-type-video is-provider-youtube wp-block-embed-youtube wp-embed-aspect-16-9 wp-has-aspect-ratio\"><div class=\"wp-block-embed__wrapper\">\n<iframe loading=\"lazy\" title=\"Les 10 ans du th\u00e9\u00e2tre des Franciscains\" width=\"640\" height=\"360\" src=\"https:\/\/www.youtube.com\/embed\/Ql0U4XfpGoU?feature=oembed\" frameborder=\"0\" allow=\"accelerometer; autoplay; clipboard-write; encrypted-media; gyroscope; picture-in-picture; web-share\" referrerpolicy=\"strict-origin-when-cross-origin\" allowfullscreen><\/iframe>\n<\/div><\/figure>\n\n\n\n<p>N\u2019h\u00e9sitez pas \u00e0 demander un devis.<\/p>\n\n\n\n<p class=\"has-red-color has-text-color has-larger-font-size\">Le studio est bas\u00e9 sur Pompignan (30170):<\/p>\n\n\n\n<iframe src=\"https:\/\/www.google.com\/maps\/embed?pb=!1m18!1m12!1m3!1d126440.86338188789!2d3.7770378892739256!3d43.879772156881195!2m3!1f0!2f0!3f0!3m2!1i1024!2i768!4f13.1!3m3!1m2!1s0x12b40f6cc5e6031f%3A0x6cb63c64fc4d8cb5!2s30170%20Pompignan!5e0!3m2!1sfr!2sfr!4v1696925844781!5m2!1sfr!2sfr\" width=\"400\" height=\"300\" style=\"border:0;\" allowfullscreen=\"\" loading=\"lazy\" referrerpolicy=\"no-referrer-when-downgrade\"><\/iframe>\n","protected":false},"excerpt":{"rendered":"<p>L&rsquo;ing\u00e9nieur son Je suis ing\u00e9nieur son en studio et technicien son fa\u00e7ade pour les concerts live. Je me suis form\u00e9 aupr\u00e8s de Ryan Hewitt, Ken Scott, Michael Wagener et Jean Lamoot. J&rsquo;ai travaill\u00e9 en tant [&hellip;]<\/p>\n","protected":false},"author":1,"featured_media":0,"parent":0,"menu_order":0,"comment_status":"closed","ping_status":"closed","template":"","meta":{"footnotes":""},"class_list":["post-455","page","type-page","status-publish","hentry"],"_links":{"self":[{"href":"https:\/\/studiobenjaminbousquet.com\/index.php\/wp-json\/wp\/v2\/pages\/455","targetHints":{"allow":["GET"]}}],"collection":[{"href":"https:\/\/studiobenjaminbousquet.com\/index.php\/wp-json\/wp\/v2\/pages"}],"about":[{"href":"https:\/\/studiobenjaminbousquet.com\/index.php\/wp-json\/wp\/v2\/types\/page"}],"author":[{"embeddable":true,"href":"https:\/\/studiobenjaminbousquet.com\/index.php\/wp-json\/wp\/v2\/users\/1"}],"replies":[{"embeddable":true,"href":"https:\/\/studiobenjaminbousquet.com\/index.php\/wp-json\/wp\/v2\/comments?post=455"}],"version-history":[{"count":69,"href":"https:\/\/studiobenjaminbousquet.com\/index.php\/wp-json\/wp\/v2\/pages\/455\/revisions"}],"predecessor-version":[{"id":1261,"href":"https:\/\/studiobenjaminbousquet.com\/index.php\/wp-json\/wp\/v2\/pages\/455\/revisions\/1261"}],"wp:attachment":[{"href":"https:\/\/studiobenjaminbousquet.com\/index.php\/wp-json\/wp\/v2\/media?parent=455"}],"curies":[{"name":"wp","href":"https:\/\/api.w.org\/{rel}","templated":true}]}}